 + 504. Determine k(8).
-1112
Let v(q) = -2*q**3 - 192*q**2 + 4368*q - 238. Calculate v(-115).
-8
Let x(v) = -v**3 + 62810*v**2 + 1130898*v - 101. Give x(-18).
7
Let c(y) = 2862*y + 1359. Give c(0).
1359
Let k(b) = -23526*b - 1270408. Give k(-54).
-4
Let b(j) = 8*j**3 + 745*j**2 - 28184*j - 248. Determine b(-122).
-4
Let r(u) = -22*u**3 - 100*u**2 + 27*u - 111. What is r(-5)?
4
Let v(d) = -1591*d + 12749. Calculate v(8).
21
Let k(w) = w**3 + 6*w**2 + 82993*w + 581010. What is k(-7)?
10
Let j(g) = -247*g - 8582. Calculate j(-32).
-678
Let o(g) = -g**3 + 169*g**2 - 4688*g - 291. Give o(134).
-23
Let o(q) = 3*q**3 + 12*q**2 - 42*q - 381. Determine o(-6).
-345
Let v(s) = -3404*s + 64674. What is v(19)?
-2
Let g(y) = 9*y**2 - 1509*y + 44929. Give g(129).
37
Let g(v) = -20*v**2 - 1066*v - 240. Calculate g(-53).
78
Let q(t) = -t**3 - t**2 + 495*t - 80. Determine q(-23).
173
Let k(r) = r**3 + 100*r**2 - 623*r - 181. Determine k(-106).
-1559
Let p(w) = w**3 + 24*w**2 - 73*w + 344. Give p(-27).
128
Let l(z) = z**3 - 7*z**2 - 194*z + 417. What is l(17)?
9
Let x(c) = 231*c - 16341. Give x(68).
-633
Let a(x) = -18165*x - 145405. Calculate a(-8).
-85
Let f(m) = 78*m - 6764. Calculate f(85).
-134
Let f(m) = -766*m - 92333. Calculate f(-123).
1885
Let i(g) = -3*g**2 + 719*g + 64267. Give i(309).
-5
Let u(y) = y**3 + 35*y**2 + 144*y + 40. What is u(-15)?
2380
Let o(f) = 905*f - 12003. Determine o(11).
-2048
Let p(r) = 10*r**3 + 88*r**2 - 27*r + 13. Give p(-10).
-917
Let r(x) = 192764*x - 2313081. Give r(12).
87
Let g(y) = -2405*y - 962005. Calculate g(-400).
-5
Let f(w) = -2*w**3 - 15*w**2 - 2*w - 2. Give f(0).
-2
Let r(t) = 2531*t - 17738. Calculate r(7).
-21
Let i(b) = -135*b**2 + 2009*b + 336. What is i(15)?
96
Let i(u) = 1247*u + 12631. Give i(-10).
161
Let a(y) = 3*y**2 + 9208*y - 46098. Determine a(5).
17
Let o(n) = -27820*n - 1084981. Calculate o(-39).
-1
Let p(i) = -i**3 + 34*i**2 - 181*i + 1814. Calculate p(30).
-16
Let w(n) = 2*n**3 + 550*n**2 - 15*n - 4152. What is w(-275)?
-27
Let m(t) = -65784*t + 13025235. What is m(198)?
3
Let t(m) = 140601*m - 1406069. What is t(10)?
-59
Let d(v) = 14037*v + 182524. What is d(-13)?
43
Let d(x) = 491*x**2 - 12386*x + 2772. Give d(25).
-3
Let v(s) = -s**3 + 2843*s - 14111. What is v(5)?
-21
Let v(x) = -1020*x - 4091. Give v(-4).
-11
Let w(m) = 1566*m + 274032. Calculate w(-175).
-18
Let h(m) = 65619*m - 65129. Calculate h(1).
490
Let y(b) = 18*b**2 - 4551*b + 3736. Give y(252).
-44
Let p(u) = 672*u + 18484. Give p(-28).
-332
Let i(f) = -10*f**3 - 16*f**2 - 76*f - 59. Calculate i(-1).
11
Let c(w) = w**2 - 2190*w - 151415. What is c(-67)?
-196
Let i(x) = -1750*x - 37101. Determine i(-21).
-351
Let v(a) = 4*a**2 + 112*a - 1028. Calculate v(-49).
3088
Let k(d) = -8*d**2 - 19510*d - 194307. Give k(-10).
-7
Let s(u) = 33*u**2 + 396*u + 1210. Determine s(-3).
319
Let z(c) = -1155*c**2 - 3029*c + 1. Give z(-3).
-1307
Let n(d) = 1510*d**2 + 7443*d + 8. What is n(-5)?
543
Let x(k) = 14*k + 379. Calculate x(-12).
211
Let m(h) = h**3 + 117*h**2 + 230*h - 22. What is m(-115)?
-22
Let b(y) = 2152*y - 7642. What is b(3)?
-1186
Let c(o) = 574*o**2 + 33872*o + 363. Give c(-59).
9
Let x(k) = -50438*k - 18. Determine x(0).
-18
Let m(c) = -c**3 + 43*c**2 + 233*c - 823. What is m(48)?
-1159
Let r(g) = -739*g - 11648. What is r(-16)?
176
Let f(m) = 294996*m - 8554878. Calculate f(29).
6
Let s(w) = -w**2 - 1573*w + 23784. Calculate s(15).
-36
Let s(g) = g**3 + 23*g**2 - 7175*g - 58359. Give s(-8).
1
Let s(q) = -11738*q - 2981466. Calculate s(-254).
-14
Let k(x) = 2*x**3 - 13*x**2 - 275*x + 1255. Calculate k(13).
-123
Let f(v) = 128*v**2 + 8207*v + 959. Give f(-64).
-1
Let r(i) = -159*i**2 + 3007*i + 199. Give r(19).
-67
Let g(a) = -193105*a - 579352. Calculate g(-3).
-37
Let o(z) = 78*z**2 + 2244*z + 6711. Determine o(-3).
681
Let u(g) = g**3 + 141*g**2 - 2459*g - 841. Determine u(16).
7
Let v(l) = 3*l**2 + 259*l - 6440. Calculate v(28).
3164
Let h(k) = 21*k**2 + 2524*k + 2971. What is h(-119)?
-4
Let a(f) = -9*f**3 + 23*f**2 - 500*f + 1528. Calculate a(3).
-8
Let l(s) = 225860*s - 2710372. What is l(12)?
-52
Let g(j) = -j**3 - 3*j**2 - 3317*j - 9. What is g(0)?
-9
Let t(o) = o**2 - 522*o - 14269. Determine t(548).
-21
Let n(i) = -26788*i + 1205308. Calculate n(45).
-152
Let f(v) = -v**3 - 256*v**2 + 779*v + 189. Determine f(-259).
-329
Let w(f) = -37*f**2 + 4506*f - 28838. Determine w(115).
27
Let i(w) = -2*w**3 - 5*w**2 + 44*w + 188. Give i(-4).
60
Let l(q) = 3060*q + 6639. Determine l(-2).
519
Let j(v) = 3*v**3 - 182*v**2 - 242*v - 332. What is j(62)?
40
Let x(d) = -d**3 - 110*d**2 + 4206*d - 4. Give x(30).
176
Let d(g) = 2*g**2 + 47*g - 40949. Determine d(-155).
-184
Let f(l) = 1901*l + 35083. Determine f(-16).
4667
Let h(i) = 84*i + 5089. Calculate h(-64).
-287
Let t(s) = s**2 + 98*s - 7056. Calculate t(-147).
147
Let f(h) = h**2 - 445*h + 3513. What is f(437)?
17
Let h(c) = 4210*c + 12593. Determine h(-3).
-37
Let s(q) = -6*q**3 + 2*q**2 + 155*q - 302. Determine s(2).
-32
Let y(i) = -i**2 + 528482*i - 28535108. What is y(54)?
4
Let q(v) = -2018*v**2 - 52465*v + 50. Give q(-26).
-28
Let n(b) = 3992*b + 83881. What is n(-21)?
49
Let d(z) = -z**3 - 16*z**2 - 27*z - 459. Give d(-16).
-27
Let b(o) = 1722*o + 19735. Calculate b(-10).
2515
Let y(l) = 39*l**3 + 15*l**2 + 5*l - 10. Determine y(3).
1193
Let j(h) = -h**3 + 190*h**2 - 3544*h + 116. Determine j(169).
961
Let r(l) = -3906*l - 7783. Determine r(-2).
29
Let g(c) = 118*c**2 + 652*c - 333. What is g(-6)?
3
Let x(c) = -387371*c + 7360050. Determine x(19).
1
Let h(g) = -199295*g + 6. What is h(0)?
6
Let x(l) = -l**3 + 73*l**2 + 775*l - 300. Calculate x(-10).
250
Let v(t) = -4*t**3 - 196*t**2 - 2807*t - 150350. Give v(-50).
0
Let k(x) = -58*x - 15808. Calculate k(-273).
26
Let b(v) = 157*v - 22802. Calculate b(135).
-1607
Let y(q) = -1167*q - 32115. Determine y(-26).
-1773
Let i(y) = -y**3 + 8*y**2 + 112*y - 386. Determine i(14).
6
Let k(r) = r**2 - 274*r + 1627. Determine k(6).
19
Let p(l) = -1904*l + 5879. Calculate p(3).
167
Let y(o) = -o**2 + 57*o - 269. Give y(53).
-57
Let r(c) = 5*c**2 + 1417*c + 93473. What is r(-179)?
35
Let v(c) = 2*c**2 + 90*c - 65. What is v(-42)?
-317
Let l(t) = -36*t**2 + 21395*t - 6532. Give l(594).
2
Let o(k) = 33*k**3 - 338*k**2 + 52*k - 8. Determine o(10).
-288
Let p(d) = 1847*d + 29551. Determine p(-16).
-1
Let h(l) = -52*l**2 + 2416*l - 11628. Calculate h(41).
16
Let w(j) = 33*j**2 + 6967*j + 78865. Calculate w(-12).
13
Let j(q) = -19*q**3 + 369*q**2 - 725*q - 963. Give j(17).
6
Let s(b) = -b**3 - 35*b**2 + 102*b - 7. Calculate s(-38).
449
Let u(m) = -74436*m - 372171. What is u(-5)?
9
Let i(l) = -44*l**3 + 142*l**2 + 633*l + 588. Determine i(6).
-6
Let d(w) = w**3 - 141*w**2 - 214*w - 10304. Give d(143).
-8
Let q(u) = u**3 + 16*u**2 - 23*u + 624. Give q(-18).
390
Let z(k) = -167692*k - 7378453. Calculate z(-44).
-5
Let w(r) = -135*r + 3417. Calculate w(33).
-1038
Let k(n) = -n**3 - 4*n**2 - 3724*n - 22403. Give k(-6).
13
Let h(j) = 5*j**2 + 3360*j - 23418. Give h(7).
347
Let j(u) = -u**2 - 133*u - 1206. Give j(-122).
136
Let q(t) = -t**3 + 21*t**2 - 66*t + 707. Determine q(20).
-213
Let q(o) = 13*o**3 - 152*o + 1255. Calculate q(0).
1255
Let v(r) = 209*r**3 + 42428*r**2 + 206*r + 603. What is v(-203)?
-6
Let u(v) = -v**3 - 13*v**2 - 772*v - 9114. What is u(-12)?
6
Let w(x) = -2579*x - 180146. Determine w(-70).
384
Let m(k) = -k**3 - 783*k**2 - 119604*k - 2303. What is m(-575)?
-3
Let a(n) = -5*n**2 + 100*n + 1349. Give a(-9).
44
Let q(a) = -2621*a - 180818. Calculate q(-69).
31
Let p(r) = -111*r**2 - 825*r + 8. What is p(0)?
8
Let y(s) = -16*s**2 - 2131*s + 10. Give y(-132).
2518
Let k(s) = 108*s**2 + 10801*s + 77. Determine k(-100).
-23
Let a(k) = 1241*k - 96810. Calculate a(78).
-12
Let w(i) = 1919*i - 53838. What is w(28)?
-106
Let j(x) = x**3 + 50*x**2 - 381*x - 20844. Calculate j(-49).
226
Let g(h) = 2356*h - 135300. Give g(57).
-1008
Let y(u) = -3491*u - 52381. What is y(-15)?
-16
Let q(z) = 3429*z + 27690. Give q(-8).
258
Let t(p) = 64*p - 8975. Determine t(142).
113
Let q(y) = y**3 + 45*y**2 + 87*y + 102. Give q(-43).
59
Let o(s) = 5*s**3 + 256*s**2 - 20*s - 3445. Determine o(-51).
176
Let l(k) = -90*k**2 - 4291*k + 25384. Calculate l